cond derivative of 53*i**3 + 13*i**2/2 + 50*i. Is k(3) a composite number?
False
Let d be ((-870)/8)/(74/(-1184)). Suppose f - 3*k - 3796 = 0, -3*f + 2*k + 9641 = -d. Is f a prime number?
True
Let s(g) = 97969*g**3 + 13*g**2 - g - 3. Is s(1) prime?
False
Suppose -m + x = -145858, 3*m - 145*x - 437566 = -150*x. Is m composite?
True
Is -13*19132/(-104)*(13 + 2/2) composite?
True
Let r = -524 - -3404. Suppose -5*d + 3*o = -r, 3*o = d + o - 583. Is d composite?
True
Suppose 234 = 8*h - 190. Suppose -7 = 5*d + h. Is (6/(-4))/(d/1528) a prime number?
True
Let q(i) = 14*i**3 + 5*i**2 - 4*i - 1. Let l = 25 + -38. Let w = l + 17. Is q(w) a composite number?
True
Suppose -3*j = 4*i - 9, 3*i - 5*j = i + 37. Let p(a) = 146*a + 11. Is p(i) prime?
True
Suppose -5*a + 0*l + 25 = -l, -3*a = -4*l + 2. Let u be a + (-2 - 1) - -2. Suppose -5*x = -2*m - 8279, -u*x = -x + 5*m - 6643. Is x a prime number?
True
Let f = -355274 - -876873. Is f a prime number?
False
Let v be (3 - 2) + -430 - (-40)/(-20). Let u = v - -1480. Is u a composite number?
False
Let z(f) = 4*f - 23. Let n = -93 - -85. Let x be z(n). Let d = x - -78. Is d a composite number?
False
Is (36 - (24 - 180179)) + (-2 - 4)/1 prime?
False
Is ((-3)/4)/((-15)/200) - -13659 prime?
True
Is (104498*1)/(-49 + 51) prime?
True
Let d(c) = 23*c + 54. Let n be (-62 - 4)/3*(-1)/2. Is d(n) a composite number?
False
Let b be 13/((-1053)/(-49527)) - 12/27. Suppose 35 = 5*s + 10. Suppose -4*u + 0*h + b = 5*h, -s*h = u - 164. Is u composite?
False
Suppose -v + 9*q - 10*q + 115178 = 0, -2*v + q = -230359. Is v a composite number?
True
Let f(i) = -2*i**2 + 12*i - 5. Let z be f(5). Suppose 4*g = 20, 2*x + g - 2 = 3. Suppose x = -5*j + 4*a + 4457, 0*j = -2*j - z*a + 1763. Is j composite?
True
Suppose 35*s = -s + 5045508. Is s composite?
True
Let d = -62 - -65. Let p be ((-4)/(-6))/(1/d). Is p + -3 - (-6 + 8) - -1230 composite?
True
Let z = 28 - 27. Let i be (-6)/((-5)/2 + z). Suppose -i*h + 565 = 113. Is h a prime number?
True
Suppose 2*x - 748714 = 2*q - 6*q, -3*x + 3*q + 1123026 = 0. Is x composite?
False
Let w be 586956/72 - (-25)/30. Is (55 + -2)*w/31 a prime number?
False
Suppose -5*s + 0*s = 0. Suppose s = -0*p - 2*p - 3*m + 2, -5*m + 15 = 5*p. Suppose a - 76 = 3*x, -p*x - 146 = -2*a - 3*x. Is a a composite number?
False
Suppose 4*z - 5*o - 586242 = 0, 306*o = -2*z + 303*o + 293132. Is z prime?
True
Let l be (765/(-10))/(2 - (-10)/(-4)). Suppose -u = 5*b + 3*u + 872, -526 = 3*b + u. Let y = l - b. Is y prime?
False
Suppose -43*c + 41*c - 145943 = -9*c. Is c composite?
False
Let f be -1201*(1/(-1) + 0). Let c = -682 + f. Let i = -370 + c. Is i a prime number?
True
Let z(a) = 2*a**2 - 16*a - 16. Let u be z(9). Suppose -u*q - 1062 - 1031 = 3*w, 2*q = 5*w + 3467. Let y = -374 - w. Is y a composite number?
True
Is 9307 + ((50/(-3))/5 + 4)*6 composite?
False
Suppose -6*b + 0*b = 60. Let j(v) = -2*v**2 - 16*v + 24. Let y be j(b). Is (-12 - y)/(4/6) composite?
True
Suppose 0 = -3*t - 5*n + 108657, -t + 1657*n - 1658*n + 36215 = 0. Is t composite?
False
Suppose 3*x = 3*g - 3811233, 2961721 = 8*g + 4*x - 7201639. Is g composite?
False
Suppose c + 12*y - 8*y = 201741, 5*c = -2*y + 1008777. Is c prime?
True
Let i(x) = 497 + 4*x**3 - 975 + 485 - 19*x**2 + 23*x. Is i(15) a composite number?
True
Let l = -121251 + 256240. Is l a prime number?
True
Is 18/60 - (-747507)/10 composite?
True
Let h(p) = 4638*p - 831. Is h(20) a prime number?
False
Let a be (168/(-98))/((-4)/14). Suppose a*s - 13 = -p + s, 2*p - 10 = -2*s. Suppose 2*u + y - 90 = -p*y, 4*y = -16. Is u prime?
True
Let z = 22 - 12. Let d(b) = 2*b**2 - 10*b + 17. Let i be d(4). Let f = i + z. Is f composite?
False
Suppose -28 = 3*r - 2*x, -5*r + 2*x = x + 42. Let w be 15/(-4) + 2/r. Is (4 - 41)*76/w a prime number?
False
Let h(g) = -5756*g**2 - 6*g + 13. Let w be (-1)/(-4) - 435/60. Let n(l) = 3837*l**2 + 4*l - 9. Let m(b) = w*n(b) - 5*h(b). Is m(1) a composite number?
True
Let w(n) = 4*n - 88. Let y be w(23). Suppose -r = 3*k - 21677, -y*r - 3111 = -k + 4119. Is k a composite number?
True
Suppose 456154 - 60430 = 7*x. Let s = x + -22391. Is s composite?
False
Let u = 144 + 2740. Let t = 47461 + u. Is t composite?
True
Let r(h) = 252115*h**2 + 323*h + 323. Is r(-1) a composite number?
True
Is (7497/(-714))/((3049674/(-1016564))/(-3) + -1) composite?
True
Suppose 2*m + 177*h - 116727 = 182*h, 58357 = m + 4*h. Is m composite?
True
Let k(c) = c**3 + 4*c**2 + 46*c + 79. Let g be k(40). Suppose 6*b - g = 21287. Is b a composite number?
False
Suppose -33*l = -l - 544. Suppose -f - 18486 = -4*w, -18492 = -4*w + 21*f - l*f. Is w composite?
False
Let t(y) = 5639*y + 30. Let k be t(2). Is (8/(-16))/((-2)/k) a composite number?
True
Suppose -30*n + 704809 - 385287 = -884708. Is n a composite number?
True
Let l = 172 - 21. Let w be 7/14 + 134/4. Let g = l + w. Is g a composite number?
True
Let r(a) = 2477*a**2 - 67*a + 419. Is r(6) a prime number?
True
Let f(a) = -a**3 + 2*a**2 - 2*a + 8. Let z be f(4). Let c = z - -34. Is c/3*1227/2 composite?
False
Is (55457 + 5)*(-4)/(-8) composite?
True
Let x = 2687386 - 1015499. Is x prime?
False
Let i be (-58)/(-493) - (-74260)/(-34). Let s = -899 - i. Is s a prime number?
False
Suppose 7*x - 6*x = 8*x. Suppose -h - b + 5*b + 7053 = x, -h = -b - 7059. Is h a composite number?
True
Let z be 3/(-10) - 43/(-10). Suppose 4*d = q + 39573 + 26424, -z*q = 4. Is d composite?
True
Let n = 58743 - 33134. Is n composite?
False
Let a = 5 + -3. Let u(t) = 42*t**2 - 27*t + 23. Let f be u(8). Suppose w - a*w = 3*q - 3748, 2*q - 3*w - f = 0. Is q a prime number?
True
Let a(z) be the third derivative of z**6/120 + z**5/2 + 13*z**4/8 - 25*z**3/6 - 21*z**2. Is a(-28) a composite number?
True
Let m(y) = y**3 + 3*y**2 - 3*y + 4. Let t be m(-3). Suppose 0 = -2*w + 15 - t. Is (921/(-3)*w)/(-1) composite?
False
Suppose 5*n + 4*b + 2324 = n, -5*n = -2*b + 2940. Let l = 1507 + n. Is l a prime number?
False
Let x(s) = 4511*s**2 + 90*s - 622. Is x(6) a composite number?
True
Let m = 356091 - -173058. Is m a composite number?
True
Let j(t) be the first derivative of -247*t**2 - 7*t + 8. Let a(z) = 1482*z + 21. Let g(x) = -6*a(x) - 17*j(x). Is g(-5) a composite number?
True
Let y = -1005060 - -1503317. Is y composite?
False
Let u be (-6)/9*21/14. Let q be (u/(-1) - -3928) + (-40 - -43). Suppose 5*g - 53 = q. Is g a prime number?
True
Let v(r) = 2*r**2 - 46*r + 93. Let h be v(22). Let i(p) = 2*p**2 + 3*p + 1. Let j be i(-3). Let o = h + j. Is o prime?
True
Let j(p) = -p**2 - 7*p - 10. Let i be j(-5). Suppose -t - 7*t + 112 = i. Is 1/2*(224 + t) composite?
True
Suppose -f + o = -o + 3, -o - 16 = -3*f. Let n be 57/((7/4)/f). Let s = n - 97. Is s a composite number?
False
Let t = -137438 - -193675. Is t a composite number?
False
Suppose -366*h + 69*h - 5514649 = -19089628. Is h composite?
False
Suppose l + 5*n - 133 = 0, 3*n = 5*l - 0*n - 777. Let x = 1027 - l. Is (x - 2) + 4 - -1 a prime number?
True
Suppose -3*x + 7*o + 26850 = -179427, 2*x - 3*o = 137528. Is x a prime number?
False
Suppose -2*x = -4*p - 95916, -9*x + 5*x + 191845 = 5*p. Suppose x = 22*o - 29546. Is o prime?
False
Let i(r) = 157*r - 8. Let t be i(22). Let j = 1280 - 3365. Let w = j + t. Is w prime?
True
Suppose 4*q + 3 = r + 14, 5*r - 41 = -4*q. Suppose 0 = -2*z + r*m + 505, -4*m = -3*z - 0*m + 775. Is z a composite number?
True
Let r = -88 - -95. Suppose -32 = -r*z + 87. Let l(i) = 2*i**2 + 6*i - 39. Is l(z) a composite number?
False
Suppose 646*r - 530544151 + 143545577 = 0. Is r prime?
True
Let g = 16165 + -11295. Suppose g = 3*m - 101. Is m a prime number?
True
Suppose -2*i + 3*d = -6, 0*i + 9 = 3*i + d. Suppose 5*x + 57765 = 5*s, -2*s - i*s = -2*x - 57765. Is s a composite number?
True
Suppose 1530 = -3*p + 3*g + 4938, -3416 = -3*p + 5*g. Suppose -4*i - p = -2*t, -92 - 177 = i - 4*t. Let z = i - -962. Is z composite?
False
Suppose -3 - 3 = -u. Let s(y) = -9*y + 5 + 3*y**2 - 11 + 14 + 7. Is s(u) prime?
False
Suppose 23 = 3*i + 4*g, 2*i - 4 = 3*g - 0. Let m = -2 + i. Suppose m*v + 86 = 569. Is v a composite number?
True
Let t be -4*(-1)/4*(5 - 1). Suppose 9522 = 2*v - 0*m + 4*m, 4*m - 19024 = -t*v. Is v a composite number?
False
Let a be (4/1)/(5/45*6). Suppose m = -a*m + 101129. Is m composite?
False
Supp